-x**2 - 16*x + 6. What are the prime factors of r(w)?
3, 5
List the prime factors of 513094/136 - (3/4 - 1).
7, 11
Let z(i) = 3*i**2 + 7*i + 16. Let o be z(-7). Suppose 4*v - o = -22. Let u = v - -43. What are the prime factors of u?
2, 3, 11
Suppose -2 = -2*f, a + 421 = 4*a - 2*f. What are the prime factors of (-8)/12 + a/9?
3, 5
Suppose 156 = 4*r + 4*n, -121 = -3*r - n - 0*n. Suppose 4*b + r + 7 = 0. Let x = 26 + b. List the prime factors of x.
2, 7
Let b = 22 + -17. Let l be b - 4 - (-2 + 3). Suppose l = c + 9 - 38. List the prime factors of c.
29
Let h = 1567 + -819. What are the prime factors of h?
2, 11, 17
Suppose -5*h + 0 = -0. Suppose h = 5*x - 11*x + 1626. List the prime factors of x.
271
Let m be (-4 + 2)*(-2)/(-4). Let x(d) = -235*d**3 + 1. What are the prime factors of x(m)?
2, 59
What are the prime factors of (11 + (-973)/5)*-20?
2, 3, 17
Let l = 141 - 84. Let r be (-4)/6*(-2 + -1). Suppose -r*s + l = 17. List the prime factors of s.
2, 5
Let g(h) be the first derivative of h**3 - h**2/2 + 15*h - 3. What are the prime factors of g(6)?
3, 13
Let j(s) = 66*s**2 - 26*s + 30. What are the prime factors of j(6)?
2, 3, 5
Suppose 0 = -y - 4*f + 6*f + 39, -f - 3 = 0. Let a be 5/15 + y/9. Suppose -4*g + 5*g + a*k = 46, 0 = g - k - 36. What are the prime factors of g?
2, 19
Suppose -4*c + 2325 = -i, 0*c - 4*i - 570 = -c. List the prime factors of c.
2, 3, 97
Suppose -3*d - d + 44 = 4*b, 2*b - 6 = -d. What are the prime factors of 1220/d + (-2)/8?
2, 19
Let x = 188 - 79. Let c = 23 + x. What are the prime factors of c?
2, 3, 11
Let a(p) = p**2 - 12*p + 4. Let s be a(12). Suppose -64 + 2 = -s*m + 2*u, m + u - 8 = 0. Let k = m - 8. List the prime factors of k.
5
Suppose -2*k + 104 = 26. Suppose 3*g - 5*r = -g + k, 5 = 5*r. Suppose -z + g = -6. What are the prime factors of z?
17
Let j = -2 + 34. Let h be j/12*6/4. Suppose -h*l + 201 = 33. What are the prime factors of l?
2, 3, 7
Let i be 70/15*(-48)/(-56). Let j be (-3)/2*(1 + -3). Suppose -i*r + j*k = -178, -117 - 123 = -5*r - 5*k. What are the prime factors of r?
2, 23
Let d = 883 - 490. List the prime factors of d.
3, 131
List the prime factors of (-1 + -11 + 306)/(1/2).
2, 3, 7
Suppose -5*k + 26 = -g, -3*k - k = 4*g - 16. Let o = -1 + g. What are the prime factors of 23 - -3 - 2/o?
3
Suppose 4*b = -t - 3, 4*b = 1 - 5. Suppose 4*y = i - 4, -t = -3*y + 4*y - i. List the prime factors of (4 - y)/((-6)/(-18)).
3, 5
Let f be 5/30 + (-995)/(-6). Suppose 77 + f = 3*o. What are the prime factors of o?
3
Let y(r) = -2*r**3 + 23*r**2 - 7*r + 23. Let z(t) = -t**3 + 12*t**2 - 3*t + 12. Let u(c) = -4*y(c) + 7*z(c). List the prime factors of u(8).
2, 3
Suppose -5*a = -y - 6*a + 217, 0 = y + 3*a - 209. What are the prime factors of y?
13, 17
Let f be 14 + 1441 - (-1 - (1 - 1)). What are the prime factors of (-5)/(-10)*-3*f/(-12)?
2, 7, 13
Suppose -980 - 2128 = -3*i + 3*y, 0 = 2*i - 3*y - 2070. List the prime factors of i.
2, 3, 173
Let s = 438 - 304. Let c = s + -95. List the prime factors of c.
3, 13
Let t(i) = 6*i**3 + i - i - 4*i**2 + 3*i**2 + i. Let p be t(1). What are the prime factors of (-70)/p*(-1 + -2)?
5, 7
Let j be -2 + 20/9 - (-32)/18. Suppose j*d - 88 = -4*z, 5*z + 0*d = 5*d + 80. List the prime factors of z.
2, 5
Suppose o + 2*o - 21 = -3*l, 0 = 2*o + 3*l - 18. Suppose o*d - 5 + 137 = 4*c, -16 = 4*d. What are the prime factors of c?
2, 3, 5
Let c(z) = -54*z**3 - z**2 - 2*z + 2. Let i be c(1). Let b = i - -82. List the prime factors of b.
3
Let o(n) = -n**3 + 8*n**2 + 12*n - 22. Let u be o(9). Suppose -u*m = -229 - 196. List the prime factors of m.
5, 17
Suppose -11745 = -4*d - 3*x, 3*d + 370 = 3*x + 9205. What are the prime factors of d?
2, 3, 5, 7
Suppose 0 = 28*j - 126209 + 2225. List the prime factors of j.
2, 3, 41
Let v(j) = 12*j**3 - 12*j**2 + 46*j - 1. What are the prime factors of v(5)?
1429
Let g(o) = o**3 + 3*o**2 - 12*o + 18. What are the prime factors of g(12)?
2, 3, 113
Suppose 5*a - 609 = 196. Suppose -4*l + 603 = 4*n - a, 0 = -5*l + 4*n + 964. Suppose 4*p + s - l = 0, -3*p - 3*s + 144 = s. What are the prime factors of p?
2, 3
Let v(b) = -2*b + 24. Let x be v(-18). List the prime factors of (260/(-16))/((-5)/x).
3, 5, 13
Suppose -8 = 2*l, -273 = -p - 4*l + 249. What are the prime factors of p?
2, 269
Suppose 2*c + 0*c = 16. Suppose 6*z - 8*z = -c. Suppose 4*r - 31 = -z*t + 13, -4*t + 12 = 0. What are the prime factors of r?
2
Let u be (-3 + -1 + 9 + -4)*7. Suppose v = u*v - 30. List the prime factors of v.
5
List the prime factors of (-3146)/(-18) - (-2)/9.
5, 7
Let g(x) = -x - 10. Let b(k) = -2*k - 9. Let y(l) = -5*b(l) + 4*g(l). What are the prime factors of y(9)?
59
Suppose 12*b + 109 = -131. Let n = 71 - 43. Let l = n + b. List the prime factors of l.
2
Suppose -9*z + 1886 + 1543 = 0. What are the prime factors of z?
3, 127
Let v be -5*18/3 - 0. Let i be (v/(-35))/((-2)/14). What are the prime factors of 12*(2 - (-9)/i)?
2, 3
Suppose -x - 5*l + 0*l = -658, 0 = 3*x + l - 1960. What are the prime factors of x?
653
Let z(h) = h + 3. Let f be z(-2). What are the prime factors of (2 - (631 - -3))/((-2)/f)?
2, 79
Let q = 255 - 180. List the prime factors of q.
3, 5
Suppose 464*i + 700 = 468*i. What are the prime factors of i?
5, 7
Let m = 37 - 34. Suppose 187 + 17 = 3*b - 3*j, 0 = j - m. What are the prime factors of b?
71
Let j(r) = 4*r**2 + 14*r + 2. Let d(w) = -2*w**2 - 7*w - 1. Let x(t) = -13*d(t) - 6*j(t). List the prime factors of x(-5).
2
Let u(f) = -3*f + 35. Let k be u(8). Suppose -3 = -k*a + 10*a. List the prime factors of a.
3
What are the prime factors of 17/((-3)/17*(-5)/15)?
17
Suppose 111 = -2*j + 5*j. Let w = j + -24. Let q = 0 + w. What are the prime factors of q?
13
Suppose n - 181 = -5*k + 10, 4*n + k - 688 = 0. List the prime factors of n.
3, 19
Let g be (-12)/(-8)*2 + 507. Suppose 3*d - g = 3*w - 0*w, 2*w + 835 = 5*d. List the prime factors of d.
3, 5, 11
Suppose 8 - 2 = -3*x, -48 = 2*b + 3*x. List the prime factors of 4/(-6)*b*(-2 + 4).
2, 7
Suppose 3*z - 9*y + 4*y = 1354, -3*z - 2*y = -1382. List the prime factors of z.
2, 229
Let z be 3/(((-14)/(-8))/(-7)). Let w = -9 - z. List the prime factors of (-3 - w)/(1/(-5)).
2, 3, 5
Let i(n) = -3*n**2 + 4 - 5*n + 6*n**2 + 15*n**2 - 4*n**2. What are the prime factors of i(2)?
2, 5
What are the prime factors of (-1 - 1) + (6/1 - -525)?
23
Suppose -6 = 3*i - 5*i. Suppose -161 = i*p - 10*p. List the prime factors of p.
23
Suppose 4 = -8*r + 28. Suppose 96 = r*n + 3*x, 0 = 5*n - 3*x - 181 + 45. List the prime factors of n.
29
Suppose 9 = -t + 13. Suppose 5*i - 4*r - 70 - t = 0, -3*i = -2*r - 44. What are the prime factors of i?
2, 7
Let x(v) = -4*v - 41. Let f be 4 + (-6)/(-9)*-33. What are the prime factors of x(f)?
31
Let o(w) be the second derivative of w**5/4 + w**4/12 - 8*w. Let l be o(1). List the prime factors of (-8)/(-12) + 32/l.
2, 3
Suppose -d + 5*a + 351 = 0, d - 2*d + 333 = 4*a. What are the prime factors of d?
11, 31
Let d(c) = -7*c - 10*c + 11*c - 4 - c. What are the prime factors of d(-12)?
2, 5
Suppose -17*j + 19*j = 1376. List the prime factors of j.
2, 43
Suppose -216 + 2292 = 6*x. List the prime factors of x.
2, 173
Suppose 2*b + 9*y - 8*y = 44, 0 = b + 5*y - 22. What are the prime factors of b?
2, 11
Suppose i = 4*m - 4, -m - m = -5*i - 2. Let v(b) = -b**3 + 6*b**2 + 13. Let k be v(4). Suppose i = 5*j - 4*j - k. List the prime factors of j.
3, 5
Suppose 3325 = 392*p - 387*p. List the prime factors of p.
5, 7, 19
Let c(n) = n**2 + 4*n - 7. Let z be c(-6). Suppose -3*q + 4*m - 20 = 0, q + z*m - 2*m - 15 = 0. Suppose q = 5*i - 81 - 39. List the prime factors of i.
2, 3
Let p be (81/36)/((-1)/(-4)). Let i(b) = 2*b + 4. Let q be i(-5). Let r = q + p. List the prime factors of r.
3
Let z = -57 + 58. Let b(c) = -79*c**3 - 3*c**2 - 7. Let a(v) = 39*v**3 + v**2 + 3. Let h(t) = 5*a(t) + 2*b(t). What are the prime factors of h(z)?
37
Let j = 72 + 44. What are the prime factors of j?
2, 29
Let r(m) = 32*m + 1. Let h be r(-1). Suppose g - f = f + 59, 5*f + 227 = 4*g. Let k = h + g. What are the prime factors of k?
2, 11
Suppose -10566 = 19*p - 89511. What are the prime factors of p?
3, 5, 277
Let m be 9 + (-3)/(12/(-8)). Suppose -26 + m = 3*a. What are the prime factors of (2/3)/(a/(-105))?
2, 7
Suppose